vert 3 (base 8) to base 7.
3
198 (base 11) to base 13
147
Convert -21 (base 12) to base 9.
-27
Convert 7 (base 16) to base 2.
111
What is 3 (base 7) in base 5?
3
What is 1 (base 11) in base 13?
1
Convert 441 (base 6) to base 2.
10101001
Convert 1b (base 14) to base 16.
19
Convert -1 (base 4) to base 13.
-1
Convert -12 (base 7) to base 14.
-9
What is -101 (base 5) in base 9?
-28
What is 4 (base 13) in base 15?
4
What is -58 (base 16) in base 4?
-1120
Convert -1004 (base 5) to base 9.
-153
Convert -10 (base 3) to base 11.
-3
What is 21 (base 4) in base 9?
10
What is 117 (base 10) in base 7?
225
Convert -230 (base 5) to base 16.
-41
What is 1b7 (base 12) in base 7?
553
What is 9 (base 12) in base 9?
10
Convert 1 (base 15) to base 16.
1
What is 1b (base 12) in base 14?
19
What is -160 (base 14) in base 2?
-100011000
b (base 15) to base 9
12
1 (base 4) to base 15
1
11d (base 14) to base 16
df
What is 1f (base 16) in base 6?
51
Convert -b (base 13) to base 11.
-10
What is 2b (base 13) in base 3?
1101
What is -5 (base 8) in base 7?
-5
6 (base 10) to base 7
6
What is 11 (base 4) in base 13?
5
30 (base 4) to base 10
12
12 (base 12) to base 10
14
Convert -120 (base 4) to base 7.
-33
What is -2 (base 16) in base 13?
-2
Convert 6 (base 13) to base 9.
6
Convert -4 (base 13) to base 12.
-4
Convert 1 (base 3) to base 7.
1
Convert 14 (base 16) to base 3.
202
What is -1a (base 12) in base 13?
-19
d5 (base 14) to base 3
20221
What is 306 (base 8) in base 16?
c6
What is -40 (base 6) in base 5?
-44
Convert 2 (base 5) to base 4.
2
Convert -47 (base 8) to base 16.
-27
What is -7a (base 14) in base 9?
-130
Convert -39 (base 14) to base 11.
-47
Convert 25 (base 13) to base 14.
23
What is 3 (base 7) in base 3?
10
Convert 14 (base 13) to base 5.
32
-20 (base 7) to base 2
-1110
Convert -6 (base 7) to base 9.
-6
Convert -4 (base 13) to base 2.
-100
What is 45 (base 14) in base 8?
75
-c (base 15) to base 12
-10
Convert 1 (base 11) to base 2.
1
Convert -16 (base 11) to base 14.
-13
Convert 1001 (base 2) to base 9.
10
Convert -13 (base 15) to base 9.
-20
What is -1 (base 4) in base 2?
-1
Convert 103 (base 10) to base 11.
94
What is -11 (base 2) in base 13?
-3
What is 160 (base 9) in base 12?
b3
What is -112 (base 9) in base 16?
-5c
-7 (base 10) to base 15
-7
2 (base 10) to base 5
2
1 (base 12) to base 6
1
Convert -1 (base 11) to base 2.
-1
What is -302 (base 4) in base 10?
-50
What is -16 (base 8) in base 15?
-e
-83 (base 10) to base 2
-1010011
-171 (base 11) to base 8
-307
100011 (base 2) to base 3
1022
Convert 11 (base 3) to base 11.
4
What is -2 (base 10) in base 13?
-2
3 (base 8) to base 5
3
What is -32 (base 14) in base 5?
-134
6 (base 8) to base 11
6
-14b (base 12) to base 16
-cb
What is 4 (base 7) in base 10?
4
Convert -12 (base 6) to base 11.
-8
What is 0 (base 5) in base 15?
0
What is 100000100 (base 2) in base 6?
1112
ca (base 14) to base 11
152
Convert -4 (base 10) to base 2.
-100
-65 (base 12) to base 13
-5c
What is -1 (base 5) in base 13?
-1
17 (base 11) to base 7
24
What is -a5 (base 15) in base 4?
-2123
What is 2 (base 11) in base 5?
2
Convert -1410 (base 5) to base 6.
-1022
What is b2 (base 14) in base 13?
c0
What is -23 (base 5) in base 7?
-16
What is 6 (base 7) in base 12?
6
What is 157 (base 13) in base 7?
463
What is -1 (base 8) in base 9?
-1
2 (base 8) to base 14
2
a4 (base 11) to base 12
96
Convert -1 (base 16) to base 12.
-1
Convert -7 (base 14) to base 11.
-7
-105 (base 8) to base 2
-1000101
What is -25 (base 10) in base 9?
-27
Convert -2 (base 14) to base 5.
-2
-1 (base 16) to base 2
-1
-b3 (base 12) to base 2
-10000111
What is 2020 (base 4) in base 13?
a6
-37 (base 9) to base 11
-31
What is -51 (base 12) in base 15?
-41
What is 100100 (base 2) in base 13?
2a
What is 1b (base 12) in base 9?
25
What is -18 (base 14) in base 3?
-211
Convert 8 (base 13) to base 5.
13
What is -24 (base 5) in base 14?
-10
-17 (base 13) to base 5
-40
What is -13 (base 12) in base 7?
-21
4 (base 8) to base 6
4
-3 (base 6) to base 4
-3
Convert 110100 (base 2) to base 7.
103
Convert -1100 (base 2) to base 15.
-c
What is -5 (base 7) in base 6?
-5
-132 (base 4) to base 10
-30
39 (base 16) to base 8
71
What is 43 (base 16) in base 13?
52
-10 (base 10) to base 4
-22
What is 8 (base 11) in base 12?
8
Convert 154 (base 10) to base 12.
10a
What is -6 (base 14) in base 5?
-11
Convert 20 (base 12) to base 10.
24
-1111110 (base 2) to base 13
-99
-1 (base 11) to base 16
-1
-111 (base 2) to base 5
-12
-235 (base 6) to base 14
-6b
Convert -4 (base 5) to base 7.
-4
Convert -1a5 (base 11) to base 10.
-236
Convert 29 (base 12) to base 13.
27
-2a (base 11) to base 13
-26
What is 45 (base 8) in base 9?
41
What is -11 (base 5) in base 14?
-6
10 (base 5) to base 13
5
61 (base 12) to base 10
73
What is 6 (base 8) in base 9?
6
What is 122 (base 3) in base 10?
17
Convert -5 (base 16) to base 2.
-101
Convert 35 (base 8) to base 9.
32
What is 5 (base 6) in base 4?
11
Convert 0 (base 4) to base 16.
0
What is b (base 14) in base 7?
14
Convert -220 (base 10) to base 3.
-22011
What is 9 (base 12) in base 5?
14
Convert -2 (base 6) to base 15.
-2
What is 100110 (base 2) in base 7?
53
c5 (base 16) to base 2
11000101
What is -1 (base 8) in base 13?
-1
What is 1144 (base 5) in base 6?
450
Convert 43 (base 5) to base 10.
23
What is -20 (base 3) in base 8?
-6
0 (base 12) to base 14
0
What is -c (base 14) in base 10?
-12
Convert -11100 (base 2) to base 8.
-34
Convert -3 (base 15) to base 11.
-3
3 (base 4) to base 15
3
What is 2 (base 10) in base 4?
2
Convert 43 (base 6) to base 15.
1c
1022 (base 3) to base 14
27
Convert -100120 (base 3) to base 14.
-146
What is -4e (base 16) in base 10?
-78
What is 212 (base 6) in base 3?
2222
What is 2 (base 13) in base 3?
2
Convert -125 (base 11) to base 5.
-1043
-3 (base 11) to base 14
-3
103 (base 7) to base 6
124
What is 3b (base 14) in base 9?
58
What is -3 (base 15) in base 13?
-3
3002 (base 4) to base 11
167
Convert -2 (base 11) to base 7.
-2
39 (base 11) to base 9
46
What is -1 (base 10) in base 6?
-1
-7 (base 12) to base 7
-10
103 (base 4) to base 10
19
3 (base 4) to base 10
3
What is 43 (base 12) in base 10?
51
What is 3 (base 12) in base 7?
3
Convert d (base 15) to base 8.
15
-6 (base 13) to base 5
-11
What is -1 (base 4) in base 7?
-1
-268 (base 10) to base 16
-10c
-30 (base 14) to base 6
-110
Convert 8 (base 12) to base 11.
8
-3 (base 10) to base 15
-3
4 (base 13) to base 8
4
-264 (base 8) to base 7
-345
Convert -169 (base 12) to base 4.
-3201
-13 (base 11) to base 5
-24
Convert -60 (base 8) to base 3.
-1210
-13 (base 9) to base 7
-15
1 (base 5) to base 10
1
-4 (base 10) to base 3
-11
What is 2 (base 11) in base 16?
2
-1022 (base 3) to base 5
-120
9 (base 11) to base 9
10
Convert -11 (base 2) to base 7.
-3
Convert 3 (base 9) to base 5.
3
-44 (base 15) to base 13
-4c
1 (base 10) to base 3
1
What is -3 (base 8) in base 4?
-3
What is -55 (base 14) in base 3?
-2210
What is -21 (base 4) in base 7?
-12
0 (base 6) to base 12
0
10 (base 3) to base 16
3
What is -14 (base 5) in base 9?
-10
Convert -b6 (base 15) to base 9.
-210
-23 (base 8) to base 6
-31
-10 (base 4) to base 11
-4
Convert -12 (base 3) to base 14.
-5
Convert -89 (base 11) to base 2.
-1100001
What is -223 (base 4) in base 16?
-2b
Convert 118 (base 11) to base 5.
1030
12 (base 6) to base 5
13
32 (base 16) to base 9
55
6 (base 12) to base 15
6
Convert 1223 (base 4) to base 12.
8b
Convert -1000010 (base 2) to base 10.
-66
Convert 550 (base 6) to base 15.
e0
What is -2 (base 6) in base 11?
-2
What is 9 (base 10) in base 14?
9
What is -2100 (base 3) in base 7?
-120
Convert 4 (base 13) to base 5.
4
-75 (base 10) to base 3
-2210
9 (base 14) to base 7
12
1003 (base 4) to base 8
103
What is -5 (base 6) in base 15?
-5
What is 9b (base 16) in base 5?
1110
Convert 22 (base 6) to base 11.
13
Convert -5 (base 10) to base 14.
-5
4 (base 16) to base 12
4
What is 1 (base 6) in base 12?
1
Convert 64 (base 12) to base 3.
2211
-1211 (base 3) to base 5
-144
Convert -42 (base 16) to base 2.
-1000010
What is -11 (base 4) in base 7?
-5
Convert -5b (base 16) to base 12.
-77
What is 1 (base 6) in base 9?
1
-6 (base 12) to base 15
-6
-bd (base 15) to base 12
-12a
Convert 27 (base 16) to base 5.
124
20 (base 10) to base 5
40
-c (bas